Let y(u) = -4*p(u) - 10*v(u). Let d(a) = a - 1. Let s be d(-3). Calculate y(s).
12
Suppose -4 = 5*u - m + 9, 0 = -5*u - 4*m - 23. Let c(f) be the second derivative of 0 + 2*f**2 - 1/6*f**3 - 6*f. What is c(u)?
7
Let x(v) = 5*v**3 + 10*v**2 + 16*v + 9. Let z(m) = -m**3 - 2*m**2 - 3*m - 2. Let u(g) = -2*x(g) - 11*z(g). Calculate u(-3).
-8
Let f(b) be the second derivative of -2*b**3/3 + b**2 + b. Let p(o) = -o**2 - 7*o. Let v be p(-8). Let r be (-22)/v - (-18)/(-24). Determine f(r).
-6
Let c(z) = 3 + 6*z - 4 + 0*z. Determine c(-1).
-7
Let m = 19 + -13. Let p(d) = 5*d**3 - m*d**3 + 0*d + 3*d**2 + 2 - 3*d. Suppose t + 3*t = 12. What is p(t)?
-7
Let j(p) = -7*p - 12. Let f(y) = -11*y - 19. Let h(g) = 5*f(g) - 8*j(g). What is h(1)?
2
Let j(o) = -o - 1. Let n(s) = s**3 + 3*s**2 - 5*s + 2. Suppose 5*d - 3*d + 3*r = -8, -5*d = -4*r + 20. Let f be n(d). Determine j(f).
-7
Let b(h) be the second derivative of h**5/20 + h**4/6 + h**3/6 + h**2/2 - 48*h. Give b(-2).
-1
Let b(j) = 51*j + 6 + j**3 - 47*j + 1 + 6*j**2. What is b(-5)?
12
Let w(k) be the first derivative of -k**6/40 + k**5/30 - k**4/24 - 2*k**2 + 3. Let l(c) be the second derivative of w(c). Calculate l(1).
-2
Let p(k) = -k**2 + 2*k. Suppose -g + 0 = -5. Let j(n) = n**2 - 3*n. Let b(t) = g*j(t) + 7*p(t). What is b(-1)?
-1
Let a(w) = -w**3 - 2*w**2. Let p(t) = -4*t**3 + t - 2*t**2 - 1 - t**2 + 4*t**2. Let g be p(1). Let d be (6 + g)/(9/(-6)). Determine a(d).
0
Suppose -7*y - 12 + 47 = 0. Let n(j) = j**2 + 3*j - 5*j + 2 - 4*j. Give n(y).
-3
Let t(v) = -v**3 + v**2 + v - 2. Suppose 20 = 8*z - 4*z + 4*y, 0 = -2*z - 5*y + 10. Suppose -5*g - 2*b - 10 = -10*g, 4*g + z*b = 8. Give t(g).
-4
Let g(r) = -r**2 + 3*r - 2. Let i(q) = -q. Let x(m) = g(m) + 4*i(m). Let v be -6 - (-15 - -4) - 5. What is x(v)?
-2
Let x(h) = 3*h**2 + 2*h + 1. Let d be x(-1). Suppose 0 = -3*m + 2 + 10. Let j(s) = 2*s**2 - 3*s**2 - 5*s**2 + m*s**2. Determine j(d).
-8
Suppose c + 22 - 60 = 5*o, -4*o = -c + 31. Let m(z) = -z**2 - 7*z + 1. Give m(o).
1
Suppose -n - 2*q = 2*q - 12, -3*q + 9 = 5*n. Suppose -5*a = b - 17, 4*a + b = -2*b + 18. Let u(v) = -a - v + 1 + 2 - 1. Determine u(n).
-1
Let o(f) = f + 11. Let t(p) = -5*p - 54. Let b(s) = -11*o(s) - 2*t(s). Let h be b(-11). Let u(x) = -5*x - 2. What is u(h)?
8
Let k(f) = 3*f**3 - 3*f**2 + 0*f - 2*f**3 - 4*f. Let y(s) = -s**3 - 4*s**2 + 6*s + 7. Let r be y(-5). Let o = 2 + r. Calculate k(o).
0
Let v(h) = -9*h**2 + 10*h + 4. Let s(g) = -7*g**2 + 9*g + 3. Let t(c) = -4*s(c) + 3*v(c). Calculate t(3).
-9
Let h = -142 - -144. Let t(j) be the first derivative of -1 + 0*j - 3/2*j**h + j**3. What is t(2)?
6
Let q(o) = -o**2 + 15*o - 31. Let a be q(13). Let d(s) = -s**2 - 8*s - 5. What is d(a)?
10
Let u(f) = -3*f**3 - 12*f**2 - 10*f - 3. Let o(h) = h**3 + h**2. Let i(y) = 2*o(y) + u(y). Calculate i(-9).
6
Let k = 5 - 2. Suppose -5*s + 19 = -k*p, 0*p + 5 = s - p. Let t(f) = -6 + 1 - 3*f**s - f**3 + 7*f**2 + 6*f. What is t(5)?
0
Let p(j) = j**2 - 4. Let i be 7/2 + (-2)/(-4). Suppose -22 + 7 = i*t - 3*c, 2*t - 15 = -3*c. Give p(t).
-4
Let c(x) = -x**3 + 6*x**2 - 8*x. Let y be c(3). Let g(s) be the third derivative of -1/2*s**y + 3*s**2 + 0*s - 1/12*s**4 + 0. What is g(-4)?
5
Suppose -r + 25 = -6*r. Let m(p) = 2*p - 1. What is m(r)?
-11
Let r be (0 - -7)*12/14. Let g(t) = -r*t - t - 1 - 2*t + 0. Calculate g(-1).
8
Let x(r) = 7*r**3 - 2*r**2 + 5 - 4 - r**3. Let s = -2 + 5. Suppose s*l - 1 = -4. Calculate x(l).
-7
Let q be -1 - (-2 + (-2 - -2)). Let k(m) = -6*m**3 + m**2 - m + 1. Calculate k(q).
-5
Let v(x) = x**3 + 5*x**2 + x + 1. Let o(f) = f**2 + f - 2. Let c be o(0). Let p(a) = 4*a + 3. Let k be p(c). What is v(k)?
-4
Suppose v = 9 - 4. Let w(g) = 5*g + 1. Let o be w(1). Suppose -2*n = -f - o, v*n + f - 2 = -1. Let z(r) = 7*r**2. Determine z(n).
7
Let q(a) = -3*a - 11. Let h be q(-3). Let m(c) = c + 2. Calculate m(h).
0
Suppose 137 - 125 = -2*b. Let q(o) be the third derivative of o**6/120 + o**5/12 - 5*o**4/24 + o**3/2 + o**2. What is q(b)?
-3
Let p(v) = -4*v + 2 + 2*v + 3*v - 4*v. Give p(5).
-13
Let i = 5 - 5. Suppose 2*y + 2*y + 24 = i. Let p be ((-10)/y)/((-2)/6). Let c(m) = -m**2 - 4*m + 1. What is c(p)?
-4
Suppose -3*g + 2*g + 6 = 0. Let s(n) = -7*n**3 + 19*n**2 - 16*n + 16. Let r(z) = 3*z**3 - 9*z**2 + 8*z - 8. Let v(w) = 5*r(w) + 2*s(w). What is v(g)?
4
Let s be (0 - 1)/(4/(-44)). Suppose -5*x = -2*y + 10, -5*x = -1 + s. Suppose y = -3*p - 0*p - 15. Let m(a) = a**3 + 4*a**2 - 5*a + 7. Determine m(p).
7
Let c(n) = n + 7. Let m be c(-5). Let s(r) be the third derivative of r**5/60 + r**4/24 - r**3/6 - 8*r**2. Determine s(m).
5
Let z(t) be the first derivative of -2*t**3/3 + t**2/2 + 4. Let p(r) = -r**2. Let g(w) = 13*p(w) - 6*z(w). Determine g(-6).
0
Let l(c) be the second derivative of -c**5/30 + c**4/6 - c**3/2 + c**2/2 - 6*c. Let b(x) be the first derivative of l(x). Calculate b(3).
-9
Let i be (-32)/14 - 12/(-42). Let k(s) be the third derivative of 0*s - 1/60*s**5 - 1/2*s**3 + 0 - 1/8*s**4 - s**2. Determine k(i).
-1
Let d be ((-1)/(-3))/((-4)/(-24)). Let u(g) = -g**2 + 3 - d*g + g - 2 + 2. What is u(0)?
3
Suppose -2*k + k - 2*y + 9 = 0, -k = 3*y - 12. Let d(g) = 2 - 2*g + 4*g - 1 - 5*g. Give d(k).
-8
Let o(t) = -2*t**3 - 9*t**2 - 5*t + 6. Let k = -13 - -2. Let l(p) = -p**3 - 5*p**2 - 3*p + 3. Let s(y) = k*l(y) + 6*o(y). Calculate s(3).
-6
Let v(c) = c + 4. Let z(s) = s**3 - 9*s**2 + 8*s - 4. Let o be (1 - -49)*2/5. Suppose 0 = u + 2*j - 5*j - 2, 0 = 2*u + 2*j - o. Let l be z(u). Calculate v(l).
0
Let f(s) be the second derivative of s**4/12 - s**3/6 + 11*s**2/2 - 3*s. Give f(0).
11
Suppose -12 = -2*t - 5*m, -3*m + 5*m = 2*t - 26. Let z = t + -8. Let g(k) = -4*k - 11*k**2 - 3 + 12*k**2 + k. Calculate g(z).
-3
Let a be 33/9 + (-4)/6. Let l(g) = -a*g + 2*g + 2*g. Determine l(-5).
-5
Suppose -3*f + 4*f - 4 = -2*m, 0 = -2*m + 3*f + 4. Let s(g) = 4 - 1 + 69*g**m - 70*g**2. Give s(-3).
-6
Let d(f) = -4*f**2 - 7*f - 10. Let j(m) = 9*m**2 + 14*m + 21. Let l(k) = -7*d(k) - 3*j(k). Let x(g) = -g**2 + 8*g + 4. Let r be x(9). What is l(r)?
-3
Suppose -13 = 4*j - 7*u + 2*u, 3*j - 3*u = -6. Let x(o) = -2 + 2 - 8*o + 4 + 7*o. Give x(j).
1
Let p(c) = -c**3 - 2*c**2 - c. Let k(b) = 9*b - 4*b - 4*b - 3. Let v be k(2). Determine p(v).
0
Let q = -1 - -9. Suppose 5*v - 4*x + 38 = 0, -5*v - 7*x - 22 = -3*x. Let k = q + v. Let u(m) = m - 2. Give u(k).
0
Let r = 12 + -18. Let s(v) = -v**2 - 4*v + 5. Calculate s(r).
-7
Let l(f) = -f**3 - 4*f**2 - f. Let i = -5 + 9. Let z = i - 2. Suppose u + 0 = -z. Determine l(u).
-6
Let n(d) be the first derivative of -d**2 + 10 - d + 1/3*d**3. What is n(2)?
-1
Let u(f) be the first derivative of f**3/3 + 2*f**2 + 2*f - 1. Let n be u(-4). Suppose 0*z + n*z = 2. Let b(o) = -o**3 - o**2 + 2*o - 1. Calculate b(z).
-1
Let i(b) = 1. Let l(j) = -3*j + 1. Let g(k) = -i(k) - l(k). Let u = 5 + -3. Determine g(u).
4
Let y(b) = b - 1. Let h = -15 - -10. Give y(h).
-6
Suppose -4 = -p - p. Let j(s) = p*s + 0*s - 3*s - 3*s + 2. Determine j(2).
-6
Let s(j) = -3*j**2. Let g(y) = y**2 + 4*y - 1. Let w(a) = a - 13. Let q be w(9). Let h be g(q). Calculate s(h).
-3
Suppose 0 = -4*s - 2 + 10. Let z(i) = i**s - 5*i + 5*i + 5 - 2*i - 3*i. Determine z(5).
5
Let d(x) = x**3 - 2*x**2 - 2*x + 1. Suppose i - 3*i + 2*y - 8 = 0, -y = i + 10. Let p = i - -9. Determine d(p).
-3
Let c(h) = -5*h + 19. Let j(l) = 11*l - 39. Let f(r) = -13*c(r) - 6*j(r). Calculate f(0).
-13
Let i be (-1)/2 - 25/(-10). Let x(g) be the second derivative of 2*g + 1/6*g**3 + 0 + i*g**2. What is x(-6)?
-2
Let m(u) = u + 1. Suppose -3*w - 36 = -9*w. Give m(w).
7
Let f be (-2)/4*-2 - -1. Let l(x) = 4*x**f - 6*x - 3*x**2 - 4 + 7. Let d = 23 - 21. Determine l(d).
-5
Let u(o) = -2*o. Let g be u(0). Let v(s) = -s**3 + s**2 - s - 4. What is v(g)?
-4
Let b(t) = 6*t**2 - 2*t**2 - 3*t**2 - 4*t + 9*t**3 - 8*t**3. Let m(y) = 7*y - 2. Let a be m(4). Suppose -l + 4*q = l + a, -l - q + 2 = 0. Determine b(l).
-6
Let t(a) be the first derivative of -2*a**2 - 2 - a + 1/3*a**3. Let r = 5 + -1. Give t(r).
-1
Let m = 27 + -24. Let t(r) = r**2 + r + 2. Determine t(m).
14
Let f(v) = 8 - 1 - 2 + v. What is f(-5)?
0
Let i(b) = b + 7. Let h be i(-5). Let n be (0 + -2)/(-1) + h. Let v(f) = n - 5*f**2 + 0*f + 4*f**2 + 3*f. Calculate v(4).
0
Let l(g) = -g*